-9)?
-77
Let g(o) = o**2 - 5*o + 6. Give g(6).
12
Let g(y) = -y**3 + 6*y**2 + 5*y + 15. Calculate g(7).
1
Let d(u) = u**2 - u - 12. Calculate d(4).
0
Let k(t) = 6*t + 56. Determine k(-10).
-4
Let g(l) = -l**3 - 3*l**2 - l + 2. Calculate g(-2).
0
Let f(u) = 5*u - 16. Give f(4).
4
Let c(g) = -g**3 + 10*g**2 - 10*g. Give c(9).
-9
Let n(c) = -c + 1. Calculate n(2).
-1
Let v(i) = i**3 + i**2 + 9. Determine v(0).
9
Let m(f) = -2*f - 19. Calculate m(-6).
-7
Let b(p) = -p**2 - 61*p - 604. What is b(-13)?
20
Let o(l) = -l**2 - 9*l + 1. Give o(-6).
19
Let b(y) = -3*y**3 + 4*y**2 - 3*y - 1. What is b(1)?
-3
Let h(n) = 2*n**3 + 4*n**2 + 4. Calculate h(-4).
-60
Let v(a) = a**3 - 5*a**2 - 7*a - 2. Give v(6).
-8
Let g(m) = m**3 - 2*m**2 + m - 55. What is g(0)?
-55
Let r(h) = h**3 - 10*h**2 + 10*h - 8. Calculate r(6).
-92
Let l(t) = -2*t + 69. Determine l(35).
-1
Let i(y) = -y - 14. Calculate i(12).
-26
Let k(w) = 8*w - 17. Give k(7).
39
Let w(k) = k**3 - 24*k**2 + 22*k + 19. What is w(23)?
-4
Let p(r) = 11*r + 14. What is p(3)?
47
Let d(z) = -z**2 + 7*z - 8. What is d(8)?
-16
Let o(l) = -l**2 - 2*l - 23. Determine o(0).
-23
Let u(t) = t**3 + t + 20. Determine u(0).
20
Let u(l) = l**2 - 4*l + 10. Calculate u(7).
31
Let r(b) = -b**3 + 11*b**2 - 21*b + 5. Give r(8).
29
Let i(g) = g**3 + 2*g**2 + 6*g + 8. Give i(-3).
-19
Let d(r) = 12*r - 2. What is d(-8)?
-98
Let d(g) = -g**3 + 14*g**2 - 47*g - 7. Calculate d(8).
1
Let m(y) = y**3 + 2*y**2 - 10*y - 7. What is m(-4)?
1
Let n(b) = -b**3 - 6*b**2 - 4*b. Calculate n(-5).
-5
Let u(v) = -10*v + 17. Give u(3).
-13
Let w(d) = d - 10. Determine w(12).
2
Let k(u) = -u**3 + 4*u**2 - u + 5. Calculate k(4).
1
Let h(x) = -x**3 + 22*x**2 + x - 19. Determine h(22).
3
Let u(b) = -b**3 + 12*b**2 - 27*b + 71. Determine u(10).
1
Let f(g) = -g**3 + 8*g**2 + 5. What is f(8)?
5
Let t(b) = -b**3 + 3*b**2 + 4*b - 4. Give t(2).
8
Let t(w) = 10*w. Determine t(3).
30
Let u(g) = g**3 + 9*g**2 + 5*g + 11. Give u(-8).
35
Let f(l) = l**3 - l**2 - 12*l - 10. Calculate f(0).
-10
Let o(p) = -p**3 + 11*p**2 + 19*p + 7. Give o(12).
91
Let a(u) = -8*u**2. Give a(-1).
-8
Let g(q) = -q**2 + 6*q + 31. Give g(11).
-24
Let n(w) = w**2 + 6*w + 8. Determine n(-5).
3
Let a(w) = w**2 - 4*w + 4. Give a(2).
0
Let d(z) = z**3 - 5*z**2 - 5*z + 7. Determine d(6).
13
Let b(p) = -p**3 + 7*p + 7. Determine b(-1).
1
Let u(l) = -12*l**2 - 2*l + 2. Determine u(1).
-12
Let z(k) = 2*k**2 - 19*k + 35. Calculate z(8).
11
Let y(a) = -a**3 + 11*a**2 + 14*a - 26. Give y(12).
-2
Let j(a) = -a**3 - 6*a**2 + 5*a + 14. What is j(-6)?
-16
Let x(c) = c**3 + 16*c**2 - 5*c - 78. Calculate x(-16).
2
Let y(l) = 28*l - 21. Calculate y(-5).
-161
Let q(v) = -3*v**2 - 3*v - 4. Calculate q(-2).
-10
Let y(x) = x**2 + 37*x + 168. What is y(-5)?
8
Let y(t) = t**3 + 6*t**2 + 4*t - 2. Give y(-5).
3
Let j(m) = 10*m - 281. Give j(26).
-21
Let n(m) = 49*m**3 - 3*m**2 + 1. Give n(1).
47
Let n(p) = -p**2 - 7*p - 13. Calculate n(-4).
-1
Let c(i) = 100*i - 15. Determine c(0).
-15
Let n(x) = -x**3 - 4*x**2 - 4*x - 5. Calculate n(-4).
11
Let g(t) = t**2 + 18*t - 15. What is g(-20)?
25
Let m(s) = s**3 + 2*s**2 + s + 3. Calculate m(-2).
1
Let l(w) = w**2 + 18*w - 33. Give l(-20).
7
Let y(j) = j + 4. Determine y(-11).
-7
Let f(p) = -3*p + 8. Give f(4).
-4
Let u(a) = a**2 - 11*a - 18. What is u(13)?
8
Let z(a) = -a**2 - 36*a - 201. Give z(-7).
2
Let k(g) = g**3 + 4*g**2 - 2*g - 1. Give k(-5).
-16
Let a(h) = h**3 + 33*h**2 - 40*h - 222. Give a(-34).
-18
Let k(o) = -o**2 - 2*o. Determine k(-7).
-35
Let f(z) = 4*z**2 + 38*z + 3. What is f(-10)?
23
Let h(s) = 12*s. Calculate h(1).
12
Let s(b) = 61*b + 248. Calculate s(-4).
4
Let p(c) = 17*c - 2. Give p(1).
15
Let u(w) = -w**3 - 14*w**2 - 12*w. Give u(-13).
-13
Let j(g) = -12*g - 162. Give j(-13).
-6
Let x(y) = y**3 - 42*y**2 - 44*y + 44. What is x(43)?
1
Let z(h) = -14*h - 14. Give z(-2).
14
Let a(q) = 5*q**2 - 22*q - 2. Determine a(4).
-10
Let j(f) = f**3 + 17*f**2 + 30*f - 24. Give j(-15).
-24
Let z(l) = 7*l**2 + 4. Determine z(3).
67
Let u(i) = i**3 - 10*i**2 + 3*i + 14. What is u(10)?
44
Let d(r) = -2*r**2 - 14*r + 8. What is d(-8)?
-8
Let q(m) = -2*m + 15. What is q(11)?
-7
Let x(o) = o**3 - 9*o**2 + 3*o - 25. Determine x(9).
2
Let r(f) = -3*f + 12. Calculate r(5).
-3
Let y(s) = 3*s + 8. Determine y(-9).
-19
Let h(j) = 4*j**3 - j**2 - j + 1. What is h(-1)?
-3
Let q(p) = 9*p**2 + 1. Calculate q(-2).
37
Let v(m) = m**3 + 8*m**2 - 8*m + 8. Give v(-9).
-1
Let v(l) = l**3 - 5*l**2 + l + 6. Calculate v(4).
-6
Let b(g) = -2*g**3 - 12*g**2 + 17*g + 10. Determine b(-7).
-11
Let u(o) = -o**2 + o + 16. Give u(0).
16
Let m(j) = j**2 + 9. Calculate m(0).
9
Let n(r) = -10*r - 234. Give n(-24).
6
Let h(v) = -v**3 + 27*v**2 + 2*v + 62. Give h(27).
116
Let a(h) = -12*h - 26. Determine a(4).
-74
Let k(x) = -10*x**2 + 4*x - 12. What is k(3)?
-90
Let w(p) = -112*p - 461. What is w(-4)?
-13
Let r(g) = -g**3 - 5*g**2 - 5*g - 11. Give r(-4).
-7
Let t(d) = 4*d - 26. What is t(7)?
2
Let i(u) = 12*u - 58. Give i(5).
2
Let r(y) = -5*y**2 - 11*y - 16. Give r(-6).
-130
Let v(h) = 32*h**3 + 3*h**2 + 4*h + 3. Determine v(-1).
-30
Let s(x) = x**3 - 4*x + 7. Calculate s(2).
7
Let y(t) = -8*t**2 + 1. What is y(1)?
-7
Let l(m) = m**3 - 5*m**2 - 3*m - 2. Calculate l(6).
16
Let f(u) = -2*u**2 + 7*u + 15. Determine f(-2).
-7
Let g(l) = l**2 - 6*l. What is g(4)?
-8
Let f(m) = -m**3 + 2*m**2 - 3. Calculate f(3).
-12
Let l(g) = 364*g + 3277. Determine l(-9).
1
Let h(r) = r**3 + 7*r**2 - 21*r - 24. What is h(-9)?
3
Let p(c) = c**3 + 9*c**2 - 11*c - 11. Give p(-10).
-1
Let u(j) = -7*j - 3. Give u(4).
-31
Let s(y) = -39*y + 330. Give s(9).
-21
Let v(u) = -2*u**2 + 5*u. What is v(3)?
-3
Let j(t) = 2*t**3 - 8*t**2 - 9*t - 6. Determine j(5).
-1
Let r(i) = -3*i - 41. Determine r(-14).
1
Let b(k) = -k**3 - 10*k**2 - 5*k + 10. Give b(-10).
60
Let v(l) = -l**2 - 7*l - 7. Give v(-6).
-1
Let f(t) = -t**2 - 3*t + 6. Determine f(-4).
2
Let v(a) = a**3 - 6*a**2 - 3*a - 5. Calculate v(7).
23
Let s(n) = n**2 + 18*n + 38. Calculate s(-17).
21
Let q(b) = -b + 28. What is q(0)?
28
Let r(a) = -6*a + 10. Calculate r(-6).
46
Let t(h) = -15*h + 422. Determine t(28).
2
Let y(g) = 5*g**2 - 16*g - 17. Calculate y(-1).
4
Let r(k) = -k**2 - 23*k - 18. What is r(-22)?
4
Let c(x) = -x**2 + 9*x - 10. Determine c(9).
-10
Let i(g) = -g**3 - 3*g**2 - g. What is i(-2)?
-2
Let w(o) = -2*o**2 - 2*o - 6. Determine w(-3).
-18
Let i(t) = -23*t - 21. Determine i(-1).
2
Let f(a) = a**2 + 5*a + 1. Determine f(-2).
-5
Let j(s) = s**3 + 12*s**2 + 19*s - 3. Give j(-2).
-1
Let d(f) = f**2 + 8*f + 12. What is d(-5)?
-3
Let x(f) = -9*f + 77. Determine x(10).
-13
Let g(d) = -d**2 - 7*d + 10. Calculate g(-10).
-20
Let y(x) = x**2 - 5*x - 6. Determine y(9).
30
Let c(f) = f**2 + 14*f + 41. Give c(-10).
1
Let q(v) = -v**2 + 11*v + 16. Determine q(15).
-44
Let p(s) = -5*s**3 - s**2 - 14*s + 14. Give p(1).
-6
Let r(b) = b**3 - 40*b**2 - 42*b + 55. What is r(41)?
14
Let r(s) = 9*s**3 + s**2 - 2. Determine r(1).
8
Let x(g) = -g**3 - 9*g**2 + 11*g - 4. Calculate x(-10).
-14
Let n(y) = -123*y + 6. Calculate n(1).
-117
Let j(d) = 2*d**3 + 3*d**2 - 1. Calculate j(-2).
-5
Let q(f) = -f**3 - 5*f**2 - 2*f - 5. Give q(-4).
-13
Let c(i) = 10*i + 5. Calculate c(12).
125
Let a(r) = 5*r + 7. Give a(-7).
-28
Let q(u) = -4*u - 89. Determine q(-23).
3
Let b(z) = -z**2 - 8*z - 1. Determine b(-6).
11
Let n(x) = x + 14. Calculate n(11).
25
Let g(j) = -j - 2. Calculate g(-2).
0
Let l(x) = -35*x**3 - x**2 + 3*x - 2. Give l(1).
-35
Let z(j) = -5*j - 11. Give z(-6).
19
Let g(k) = k + 4. What is g(12)?
16
Let r(w) = 2*w + 5. Calculate r(0).
5
Let c(i) = i + 21. What is c(-9)?
12
Let s(m) = -m**2 - 13*m - 9. What is s(-10)?
21
Let d(u) = 6*u + 43. Calculate d(-8).
-5
Let j(s) = 19*s + 1. Determine j(1).
20
Let h(o) = -7*o - 23. What is h(4)?
-51
Let q(p) = p + 14. What is q(-6)?
8
Let u(r) = -14*r**2 + 152*r + 13. Calculate u(11).
-9
Let r(x) = x**2 - 43*x + 125. Give r(40).
5
Let c(m) = 4*m - 11. What is c(-10)?
-51
Let p(s) = s**3 - 7*s**2 + 5*s + 15. Determine p(6).
9
Let o(k) = 2*k**3 - 9*k**2 + 9*k - 4. What is o(3)?
-4
Let n(p) = -p**2 - 23*p + 208. Calculate n(-30).
-2
Let h(f) = 6*f - 7. Determine h(2).
5
Let s(h) = -5*h - 6. Calculate s(-7).
29
Let b(n) = n**3 - 6